the remainder when 30360 is divided by 1382?
1338
Calculate the remainder when 31913466 is divided by 4208.
4202
What is the remainder when 2187173 is divided by 1093581?
11
Calculate the remainder when 1960731 is divided by 2541.
1620
What is the remainder when 78267 is divided by 39098?
71
Calculate the remainder when 5298219 is divided by 10.
9
Calculate the remainder when 15928 is divided by 436.
232
Calculate the remainder when 756781 is divided by 68.
9
What is the remainder when 2316425 is divided by 8042?
329
What is the remainder when 4308992 is divided by 430893?
62
Calculate the remainder when 819837 is divided by 786.
39
What is the remainder when 75216 is divided by 3643?
2356
What is the remainder when 264418 is divided by 88136?
10
What is the remainder when 42894 is divided by 6652?
2982
What is the remainder when 8671212 is divided by 98?
74
Calculate the remainder when 3550480 is divided by 9222.
10
Calculate the remainder when 535511 is divided by 421.
420
Calculate the remainder when 39978904 is divided by 96.
88
What is the remainder when 1419009 is divided by 709498?
13
What is the remainder when 447446 is divided by 768?
470
What is the remainder when 3617910 is divided by 19451?
24
Calculate the remainder when 9465452 is divided by 182.
178
Calculate the remainder when 43664 is divided by 13964.
1772
What is the remainder when 190395 is divided by 81?
45
What is the remainder when 12384797 is divided by 335?
182
What is the remainder when 7183097 is divided by 78?
77
What is the remainder when 2209525 is divided by 116290?
15
What is the remainder when 49550575 is divided by 190?
95
Calculate the remainder when 2172411 is divided by 486.
477
What is the remainder when 1706407 is divided by 63?
52
What is the remainder when 1050116 is divided by 36?
32
What is the remainder when 6394552 is divided by 3197275?
2
What is the remainder when 8665720 is divided by 1444285?
10
What is the remainder when 38160 is divided by 4119?
1089
Calculate the remainder when 46782298 is divided by 23.
22
What is the remainder when 516841 is divided by 2021?
1486
What is the remainder when 257548241 is divided by 94?
85
What is the remainder when 1359537 is divided by 1691?
1664
What is the remainder when 174303996 is divided by 41?
40
What is the remainder when 130878487 is divided by 4331?
4329
Calculate the remainder when 4042238 is divided by 3037.
3028
Calculate the remainder when 2990060 is divided by 83.
68
What is the remainder when 118764 is divided by 403?
282
Calculate the remainder when 324393 is divided by 3555.
888
Calculate the remainder when 138674 is divided by 9899.
88
Calculate the remainder when 1061 is divided by 816.
245
Calculate the remainder when 88859 is divided by 22179.
143
What is the remainder when 170543 is divided by 2992?
2991
What is the remainder when 42707 is divided by 5321?
139
Calculate the remainder when 9591105 is divided by 1598508.
57
What is the remainder when 140198 is divided by 66594?
7010
What is the remainder when 196901736 is divided by 3303?
3300
What is the remainder when 69023 is divided by 1473?
1265
What is the remainder when 70593744 is divided by 9?
3
Calculate the remainder when 3838261 is divided by 24.
13
What is the remainder when 83175 is divided by 82984?
191
Calculate the remainder when 13752972 is divided by 1852.
20
What is the remainder when 3383136 is divided by 100?
36
Calculate the remainder when 14497 is divided by 6997.
503
Calculate the remainder when 1793984 is divided by 189.
185
Calculate the remainder when 51203054 is divided by 819.
812
What is the remainder when 141659 is divided by 141512?
147
What is the remainder when 365831 is divided by 45679?
399
Calculate the remainder when 12931 is divided by 6278.
375
Calculate the remainder when 350396449 is divided by 3428.
1
What is the remainder when 58390 is divided by 411?
28
Calculate the remainder when 6285 is divided by 178.
55
Calculate the remainder when 5554 is divided by 1241.
590
What is the remainder when 66073 is divided by 537?
22
Calculate the remainder when 45199 is divided by 68.
47
Calculate the remainder when 349095 is divided by 49771.
698
What is the remainder when 141805992 is divided by 85?
67
Calculate the remainder when 4680300 is divided by 1299.
3
What is the remainder when 44227985 is divided by 1399?
1398
What is the remainder when 15048916 is divided by 3414?
4
Calculate the remainder when 994318 is divided by 2702.
2684
What is the remainder when 155478 is divided by 22201?
71
What is the remainder when 55288474 is divided by 1417?
1385
What is the remainder when 5116443 is divided by 231?
24
Calculate the remainder when 6670 is divided by 1091.
124
What is the remainder when 9164527 is divided by 486?
25
Calculate the remainder when 202445 is divided by 202098.
347
Calculate the remainder when 641464 is divided by 71268.
52
Calculate the remainder when 1065519 is divided by 3062.
3005
Calculate the remainder when 1121365 is divided by 93442.
61
What is the remainder when 80292 is divided by 376?
204
What is the remainder when 4197226 is divided by 454?
450
What is the remainder when 457824 is divided by 457777?
47
What is the remainder when 148178336 is divided by 2109?
2105
Calculate the remainder when 1525368 is divided by 68.
60
What is the remainder when 294105 is divided by 73169?
1429
What is the remainder when 35812594 is divided by 20?
14
What is the remainder when 20183 is divided by 4923?
491
What is the remainder when 81327008 is divided by 13004?
12996
What is the remainder when 524638942 is divided by 9234?
9232
Calculate the remainder when 293732 is divided by 369.
8
What is the remainder when 7405578 is divided by 59?
16
Calculate the remainder when 386326 is divided by 156.
70
Calculate the remainder when 65443578 is divided by 16.
10
Calculate the remainder when 17369 is divided by 648.
521
Calculate the remainder when 549756 is divided by 2156.
2132
Calculate the remainder when 102214 is divided by 197.
168
Calculate the remainder when 1051766 is divided by 75123.
44
What is the remainder when 88323813 is divided by 28?
25
What is the remainder when 13873896 is divided by 659?
628
Calculate the remainder when 7215465 is divided by 1202567.
63
Calculate the remainder when 19071516 is divided by 653.
651
Calculate the remainder when 505188 is divided by 588.
96
Calculate the remainder when 152454 is divided by 152423.
31
Calculate the remainder when 324813 is divided by 389.
387
Calculate the remainder when 1005477298 is divided by 1620.
1618
What is the remainder when 553115 is divided by 1661?
2
Calculate the remainder when 176496 is divided by 24946.
1874
Calculate the remainder when 3636836 is divided by 13.
8
Calculate the remainder when 5953996 is divided by 2030.
6
What is the remainder when 204916365 is divided by 76?
73
Calculate the remainder when 9355 is divided by 7373.
1982
What is the remainder when 15801394 is divided by 9766?
6
What is the remainder when 2809390 is divided by 488?
462
What is the remainder when 2220295 is divided by 225?
220
Calculate the remainder when 202915 is divided by 67451.
562
Calculate the remainder when 494508 is divided by 41206.
36
Calculate the remainder when 175465515 is divided by 47.
39
Calculate the remainder when 17332433 is divided by 3.
2
What is the remainder when 7056778 is divided by 25661?
3
Calculate the remainder when 7608565 is divided by 9178.
3
What is the remainder when 1943 is divided by 1570?
373
What is the remainder when 18422064 is divided by 18422064?
0
What is the remainder when 75346 is divided by 292?
10
What is the remainder when 112939787 is divided by 1271?
1269
Calculate the remainder when 646430921 is divided by 1998.
1997
What is the remainder when 1144427 is divided by 381462?
41
What is the remainder when 3919684 is divided by 79989?
223
Calculate the remainder when 9234811 is divided by 1121.
13
What is the remainder when 196528 is divided by 946?
706
Calculate the remainder when 8637432 is divided by 10892.
76
What is the remainder when 4989364 is divided by 1662895?
679
What is the remainder when 29176 is divided by 14329?
518
Calculate the remainder when 1941357 is divided by 191.
33